-94).
-263
Let f(i) = i**3 + 28*i**2 - 293*i - 5155. Determine f(-31).
1045
Let t(o) = -o**3 - 7*o**2 + 43*o + 301. Calculate t(-7).
0
Let g(q) = -q**3 + 162*q**2 + 3278*q + 65898. What is g(182)?
14
Let k(b) = -61*b**2 - 66055*b + 8706. What is k(-1083)?
42
Let q(y) = 1416*y - 539. Calculate q(1).
877
Let s(q) = -102*q**2 - 32338*q - 1184. Give s(-317).
84
Let c(z) = 18151*z - 18117. Determine c(1).
34
Let l(p) = -p**3 + 22*p**2 - 514*p + 5170. Calculate l(13).
9
Let k(j) = -j**3 + 42*j**2 - 1004*j + 36980. What is k(40)?
20
Let w(p) = 50*p - 5005. Determine w(135).
1745
Let l(k) = 6517*k + 123795. Calculate l(-19).
-28
Let l(r) = -2*r**3 + 243*r**2 - 6652*r + 790236. Give l(121).
-15
Let b(q) = 74*q**2 - 415*q - 3. What is b(-2)?
1123
Let a(p) = -6*p + 748. What is a(57)?
406
Let p(w) = -5857*w + 292909. What is p(50)?
59
Let x(b) = -1440*b - 599061. Calculate x(-416).
-21
Let s(x) = 36*x**3 + 10873*x**2 + 311*x + 2755. Give s(-302).
37
Let w(p) = 4383*p - 399057. What is w(91)?
-204
Let i(b) = b**3 - 49*b**2 + 215*b + 338. Determine i(44).
118
Let u(s) = -21*s**3 - 411*s**2 - 62*s + 3151. Determine u(-19).
-3
Let p(j) = 4*j**3 - 39*j**2 - 22*j + 121. Calculate p(10).
1
Let g(a) = 4433*a + 647217. Give g(-146).
-1
Let x(h) = 185436*h - 741728. Give x(4).
16
Let u(n) = -n**2 + 46*n + 30464. Determine u(-153).
17
Let p(o) = -274*o - 60158. Determine p(-217).
-700
Let l(a) = 764*a - 32840. Calculate l(43).
12
Let s(t) = -5730*t - 985560. Give s(-172).
0
Let u(c) = -2866*c + 31584. Give u(11).
58
Let m(k) = -2*k**2 - 386*k + 5096. Give m(-206).
-260
Let a(g) = -2*g**3 - 21*g**2 - 82*g - 57. Give a(-4).
63
Let b(d) = 18*d**3 + 813*d**2 + 122*d - 553. What is b(-45)?
32
Let u(o) = -o**2 - 167*o - 6501. Determine u(-107).
-81
Let k(x) = 9*x**3 + 2*x**2 + 33*x - 107. Determine k(3).
253
Let m(u) = -29*u**2 + 2942*u - 20423. What is m(7)?
-1250
Let y(d) = -d**2 + 1926*d + 1465848. What is y(-584)?
8
Let q(j) = -7*j**3 + 845*j**2 - 1441*j + 1548. What is q(119)?
1
Let g(r) = 4203*r + 327830. Give g(-78).
-4
Let l(k) = 54*k - 7556. What is l(140)?
4
Let b(a) = -379*a**2 + 3048*a + 13. What is b(8)?
141
Let y(f) = 2*f**3 - 42*f**2 + 183*f - 27. Determine y(16).
341
Let j(a) = -70*a - 1696. Calculate j(8).
-2256
Let v(a) = 227207*a + 1136032. What is v(-5)?
-3
Let x(i) = 5*i**3 + 120*i**2 - 395*i - 9542. Determine x(-24).
-62
Let d(w) = 509918*w - 5609100. Give d(11).
-2
Let v(o) = o**3 - 124*o**2 + 177*o - 37751. Calculate v(125).
-1
Let d(w) = -418*w - 7738. Determine d(-11).
-3140
Let x(q) = q**3 + 577*q**2 - 25348*q + 413. Give x(41).
3
Let z(n) = 8*n**2 + 4155*n - 212961. What is z(47)?
-4
Let y(z) = -38*z**2 + 62*z + 183. What is y(-3)?
-345
Let c(u) = 430*u - 3515. What is c(8)?
-75
Let b(a) = a**2 - 411*a + 2439. Determine b(6).
9
Let y(h) = -10975*h + 54861. Determine y(5).
-14
Let b(x) = 2*x**3 + 229*x**2 + 564*x + 437. Give b(-112).
-11
Let o(g) = -179*g - 21818. Determine o(-121).
-159
Let q(d) = 2*d**2 + 3417*d - 13687. What is q(4)?
13
Let h(a) = a**3 - 78*a**2 - 139*a + 27281. Determine h(75).
-19
Let r(s) = 38*s**2 - 407*s - 1736. Give r(14).
14
Let j(l) = -15*l**3 + 1095*l**2 - 6*l + 503. Calculate j(73).
65
Let l(a) = 13*a**3 - 324*a**2 - 114*a + 2248. Give l(25).
23
Let d(a) = -a**2 + 2560*a - 70937. Calculate d(28).
-41
Let f(t) = -t**3 - 6*t**2 - 133*t + 970. Determine f(6).
-260
Let b(v) = 2*v**3 - 216*v**2 - 479*v + 5071. What is b(110)?
781
Let m(s) = 17*s**3 - 21*s**2 - 48*s - 16. What is m(-3)?
-520
Let i(m) = 1479*m + 45877. Calculate i(-31).
28
Let q(i) = 744*i**2 - 27536*i + 5. Give q(37).
-291
Let x(p) = 2*p**3 + 34*p**2 - 477*p + 22. Give x(-25).
1947
Let w(d) = -6988*d + 89975. Determine w(13).
-869
Let k(d) = 64495*d + 128995. What is k(-2)?
5
Let s(x) = 236*x + 93. Give s(1).
329
Let i(d) = -323*d + 305022. Calculate i(944).
110
Let l(p) = p**3 + 44*p**2 - 41*p - 1807. What is l(-44)?
-3
Let f(l) = 11917*l + 166735. What is f(-14)?
-103
Let j(n) = 887*n**2 + 235942*n - 127. Determine j(-266).
-127
Let q(t) = -17*t**2 + 1782*t + 611. Give q(105).
296
Let m(i) = 4*i**2 - 111*i + 1363. Calculate m(27).
1282
Let r(v) = -423*v**2 + 4231*v + 8. What is r(10)?
18
Let x(d) = -111*d**2 + 264*d + 215. Give x(3).
8
Let k(b) = b**3 + 37*b**2 - 132*b - 3634. Determine k(-38).
-62
Let y(i) = -83*i**3 - 249*i**2 - 4*i - 10. Determine y(-3).
2
Let s(a) = a**2 + 37231*a + 669833. Give s(-18).
-1
Let g(o) = 3*o**3 + 55*o**2 + 122*o - 318. What is g(-13)?
800
Let r(y) = 11178*y**2 + 950130*y - 19. Determine r(-85).
-19
Let l(g) = -29*g**3 + 31434*g**2 + 2177*g - 9768. Determine l(1084).
-12
Let h(b) = -b**3 + 296*b**2 - 6788*b + 3399. Give h(271).
-124
Let o(n) = n**3 + 388*n**2 - 2659*n - 638. Give o(7).
104
Let b(h) = h**2 + 652474*h - 1957429. Give b(3).
2
Let g(k) = -641*k**2 - 1573*k - 578. Calculate g(-2).
4
Let k(b) = 6*b**2 + 370*b - 39. What is k(0)?
-39
Let b(n) = 737*n**2 - 6637*n + 24. Calculate b(9).
-12
Let b(c) = 630*c + 149118. Determine b(-235).
1068
Let b(n) = n**2 - 39*n + 310. Determine b(20).
-70
Let r(m) = -4098*m + 8184. Determine r(2).
-12
Let y(f) = -13*f**3 - 4*f**2 + 22*f + 17. What is y(3)?
-304
Let y(u) = -u**2 - 215*u - 3097. What is y(-14)?
-283
Let s(w) = -677*w**2 + 329*w + 12156. Determine s(-4).
8
Let a(r) = -1018*r**3 - r**2 - 3*r - 2. Calculate a(-1).
1018
Let c(m) = -1187*m + 2582. Give c(3).
-979
Let y(p) = 572*p + 22717. Determine y(-40).
-163
Let j(u) = -7*u**2 - 354*u - 619. Determine j(-48).
245
Let r(n) = 2356*n**2 + 70681*n + 33. Calculate r(-30).
3
Let g(a) = -1344*a + 33673. Determine g(25).
73
Let g(d) = -138*d**2 - 23*d + 74. Calculate g(2).
-524
Let n(y) = -4*y**3 - 5*y**2 + 87*y - 7. Give n(4).
5
Let n(c) = 7*c**2 + 728*c + 2182. Give n(-3).
61
Let j(t) = -62334*t**2 + 186898*t + 306. Give j(3).
-6
Let y(q) = -181*q**2 + 815*q + 477. Give y(5).
27
Let q(v) = 82236*v + 47779111. Calculate q(-581).
-5
Let u(l) = 14*l**2 + 1103*l - 229. Give u(-79).
8
Let i(o) = 2*o**3 - 98*o**2 + 1014*o + 1848. Calculate i(18).
12
Let t(w) = -14680*w + 102766. Give t(7).
6
Let g(y) = 5*y**3 + 121*y**2 + 24*y + 63. Determine g(-24).
63
Let z(c) = -c**3 + 24*c**2 - 521*c + 9844. Give z(21).
226
Let b(n) = -27*n**2 + 72*n - 472. Calculate b(6).
-1012
Let o(c) = -137*c**2 + 2457*c + 135. What is o(18)?
-27
Let x(v) = 3*v**2 + 243*v + 2771. Determine x(-20).
-889
Let f(q) = 13*q**2 - 395*q - 3766. Calculate f(-8).
226
Let m(c) = 2*c**3 - 42*c**2 + 51*c - 203. Calculate m(5).
-748
Let a(k) = -71341*k - 142715. Give a(-2).
-33
Let q(o) = -o**3 - 10*o**2 + 4036*o + 40365. Give q(-10).
5
Let x(n) = -30*n**2 + 344*n + 1029. Calculate x(-3).
-273
Let w(k) = -142362*k - 854140. Determine w(-6).
32
Let k(h) = 3*h**3 + 1026*h**2 - 4112*h - 1. What is k(4)?
159
Let i(m) = -513*m + 12823. Determine i(22).
1537
Let v(q) = -q**3 + 27*q**2 + 601*q - 6951. Give v(38).
3
Let m(t) = -105*t - 192. Give m(-6).
438
Let d(g) = -2*g**2 - 121797*g + 852646. Calculate d(7).
-31
Let r(n) = n**3 - 26*n**2 - 142*n - 612. Give r(31).
-209
Let v(i) = 3*i**3 + 5*i**2 + 89*i + 192. Give v(-2).
10
Let m(x) = x**3 - 59*x**2 + 8*x + 71. Give m(59).
543
Let o(h) = 44*h**2 + 362*h + 530. Give o(-6).
-58
Let o(a) = 2*a**3 + 75*a**2 - 594*a - 23569. Give o(-37).
-222
Let t(p) = -959*p - 4203. Give t(-4).
-367
Let k(x) = -16*x**3 - 649*x**2 + 302*x - 135. Determine k(-41).
-750
Let j(g) = -g**3 - 214*g**2 - 495*g - 14841. Give j(-212).
211
Let c(u) = 2*u**3 + 193*u**2 + 74*u - 1269. What is c(-96)?
843
Let f(g) = -150*g**2 + 215*g + 43. Give f(2).
-127
Let r(u) = -2794178*u + 47501025. Calculate r(17).
-1
Let k(z) = -20*z**2 + 6509*z - 124756. Give k(305).
-11
Let q(d) = 1062*d + 8490. What is q(-8)?
-6
Let r(b) = b**3 + 93*b**2 + 123*b + 1256. Determine r(-92).
-1596
Let h(j) = j**3 - 40*j**2 + 1426*j - 51268. Give h(38).
32
Let l(z) = -8*z**3 + 566*z**2 + 135*z - 13. What is l(71)?
-510
Let o(j) = -j**3 + j**2 + 682*j + 3255. Determine o(-5).
-5
Let m(u) = 2*u**3 - 2065*u**2 + 5158*u - 8235. Calculate m(1030).
5
Let s(z) = -631*z - 5778. Determine s(-13).
2425
Let i(z) = -3*z**3 - 13*z**2 + 1205*z - 119. What is i(18)?
-137
Let a(n) = -n**2 + 408*n + 8108. Give a(-19).
-5
Let v(c) = -17*c**2 + 313*c + 59. Give v(20).
-481
Let o(b) = 1958*b + 20